2*(-3)/(-6) + d. What is the highest common factor of p and m?
26
Let v(f) = 32*f + 770. Let u be v(-24). Calculate the greatest common factor of 79 and u.
1
Let f = 5261 - 3741. Calculate the greatest common factor of f and 320.
80
Suppose 383031 - 113271 = 281*o. What is the highest common divisor of 1104 and o?
48
Let j be 66/(-6) + (9 - -23). Calculate the greatest common factor of 10941 and j.
21
Suppose -488*n = -500*n + 144. What is the greatest common divisor of 344 and n?
4
Let f = 300 - -218. Let q(g) = -g**2 - 8*g + 2. Let t be q(-6). Calculate the highest common divisor of f and t.
14
Let f(x) = -x**3 + 4*x**2 + 9*x - 4. Let t(p) = -p**2 + 22*p - 53. Let v be t(19). Let c be f(v). Calculate the highest common factor of 88 and c.
8
Let w be (3 - 45)*(0 + -1). Let j(r) = -2*r**2 + 12*r + 542. Let i be j(-11). What is the highest common factor of i and w?
42
Suppose -11*f + 12 + 32 = 0. Suppose -f*t + 24 = -88. What is the highest common divisor of 112 and t?
28
Let o(d) = -13*d - 16. Let l be o(14). Let g = l + 108. Let n be g/(-18) - (3 + -1). Calculate the greatest common divisor of n and 6.
3
Let x be 11/(990/(-12)) - 32/(-15). Suppose -x*c = 22*l - 17*l - 260, -5*c - l + 627 = 0. Calculate the highest common factor of c and 100.
25
Let y = -230 + 101. Let l = -108 - y. Suppose l*u - 1490 = -188. Calculate the greatest common divisor of u and 31.
31
Suppose -18*z = -12*z + 840. Let r = z - -183. Calculate the greatest common factor of 301 and r.
43
Let u(m) = -24*m + 1092. Let s be u(45). Calculate the highest common factor of s and 7356.
12
Suppose -5*t = -58 + 13. Suppose 0 = -0*y - t*y + 4176. Suppose -k = -y + 167. Calculate the highest common divisor of k and 27.
27
Let i(s) = -s**3 - 31*s**2 + 30*s - 60. Suppose -2*c = -16 + 80. Let f be i(c). What is the greatest common divisor of f and 4?
4
Let v(u) = -u**3 - 21*u**2 + 14*u - 11. Let a be (-12 - 1 - -2)*2. Let d be v(a). What is the greatest common factor of d and 15?
15
Suppose 2*b = 5*f + 120, -5*b - 4*f + 468 = 102. Let o(q) = -3*q**2 + 3*q + 17. Let k be o(5). Let v = b + k. What is the highest common divisor of v and 135?
27
Let o = 92 + 139. Suppose -a + 14 = 4*k - 36, -k + 2 = 0. What is the greatest common factor of a and o?
21
Let s be 1/((-4)/6 + 1). Suppose 2*f - 14 = 3*a, -4*f = s*a - 5*a - 36. Let j(i) = -5*i + 25. Let z be j(-17). Calculate the highest common divisor of z and f.
10
Let u(n) = -15*n**3 - 10*n**2 - 18*n - 10. Let g be u(-7). Suppose 481 = -10*h + g. What is the highest common divisor of h and 33?
33
Let k = -164 - -161. Let t be k/(-5)*(-7)/(35/(-50)). What is the highest common divisor of t and 6?
6
Let i = 8144 + 7054. Calculate the greatest common factor of i and 51.
51
Suppose -5*p + 1146 = 4*b - 7*p, 0 = -3*b - 3*p + 855. What is the greatest common divisor of b and 550?
22
Let m(w) = -w**3 - 2*w**2 + 2*w + 1. Let d be m(-3). Suppose -3*t - 3*r + 21 = 0, -2*r + 162 = 5*t + 118. Calculate the highest common divisor of d and t.
2
Let x(u) be the first derivative of u**3/3 - u**2 + 45*u - 205. Let n be x(6). What is the highest common divisor of 92 and n?
23
Let o be 3 - (1*2 - (10 - -14 - 16)). What is the greatest common divisor of o and 2439?
9
Suppose 8 - 16 = -2*l, p + 2*l = 11. Suppose 5*g - 1180 - 176 = -p*b, 5*g - 3*b - 1344 = 0. What is the greatest common factor of g and 20?
10
Suppose -19*s + 15*s + 3*v + 420 = 0, 0 = -5*s + 2*v + 525. What is the greatest common divisor of 1029 and s?
21
Suppose 2*o - 4 = 10. Suppose o*p - 627 = 724. Let q be p/3 - (-28)/42. Calculate the highest common divisor of 26 and q.
13
Let b = -594 + 596. Suppose 40 = j + b*d + 8, -2*j = 5*d - 68. What is the highest common factor of j and 456?
24
Suppose 62*m + 1440 = -35*m + 133*m. Calculate the greatest common divisor of 1096 and m.
8
Let t be (-2)/((-4)/40*4) + -2. Suppose o - t*o + 46 = 0. What is the greatest common divisor of o and 253?
23
Suppose 0*b + 22 = 2*b. Suppose -b*a + 419 = -373. Let v be -2 + -1 + 12 + 9. What is the highest common factor of v and a?
18
Suppose 3*p = -5*x + 17, 0*p - 3*p = 4*x - 16. Let h(b) = 1 + 34137*b - 5 - 34015*b - 1. Let y be h(x). Calculate the highest common divisor of 13 and y.
13
Let j(b) = -5*b**3 + 3*b**2 + 2*b + 5819. Let f be j(0). What is the greatest common factor of f and 11?
11
Let m(r) = 66*r. Let s be m(1). Let j be (((-220)/12)/5)/(4/(-36)). What is the highest common divisor of s and j?
33
Let u(k) = -23*k - 10. Let w be u(-7). Let g = 72 - w. Let b = 127 + g. What is the greatest common divisor of b and 16?
16
Suppose -n = 4*d - 82, -13*d = 5*n - 17*d - 578. Calculate the highest common divisor of n and 1210.
110
Let c be (-324 + -1)/(7 + 0 + -8). Calculate the highest common factor of 91 and c.
13
Let t(n) = 10*n**2 + 155*n - 68. Let f be t(-17). Calculate the highest common divisor of f and 136.
17
Suppose 0 = 3*k + 2*p - 380, 5*k + 12*p - 625 = 7*p. Calculate the highest common divisor of 440 and k.
10
Let j be (-9)/(-6) + (-918)/12. Let f = j - -79. Suppose 0 = 3*v - r - 4*r - 40, 2*v - 24 = f*r. Calculate the greatest common factor of 220 and v.
20
Let m(d) = d**3 - 10*d**2 + 20*d - 1. Let u be m(7). Let j be u/2*-1 + -2*13. Let t = j - -31. What is the highest common divisor of t and 12?
3
Let d(l) = -l**2 + 42*l - 37. Let t be d(41). Suppose -4*c - c - 317 = -t*z, -2*z = -5*c - 161. Calculate the highest common factor of z and 858.
78
Suppose -9*c + 26*c - 1445 = 0. Calculate the greatest common divisor of c and 136.
17
Suppose 3738 = 3*k + 3*n, -n - 1250 = 50*k - 51*k. Calculate the highest common divisor of 3952 and k.
208
Let g(s) be the second derivative of -s**5/20 + s**3/3 + 88*s**2 - s - 10. Let t be g(0). What is the greatest common factor of 44 and t?
44
Let a = 3044 - 2357. What is the highest common factor of a and 12?
3
Let c = 321 + -583. Let k be (-14)/(-133) - c/38. Calculate the highest common factor of 91 and k.
7
Let h(m) be the first derivative of 40*m**3 + m**2/2 + m - 101. Let u be h(-1). What is the greatest common divisor of 15 and u?
15
Suppose -11*z + 122 = -10. Suppose z*o - 478 = 122. Calculate the greatest common factor of 50 and o.
50
Let d = 20094 - 19999. Calculate the highest common divisor of 532 and d.
19
Let t be 2/2 + (-3 - -6). Suppose z = 2*z + m - t, z = -2*m + 2. Let h = -2 - -32. Calculate the greatest common divisor of h and z.
6
Suppose -4*v = 3*q - 6*q + 23, -5*v - 30 = -5*q. Let l = 422 - 157. Suppose 3*s - l + q = 0. Calculate the greatest common divisor of s and 8.
8
Suppose 0 = -5*x, -z + 155 = 4*z + 5*x. Suppose 4103 = 7*n + 5*d, 3*n - 326 = -4*d + 1425. Calculate the highest common divisor of n and z.
31
Suppose -4*t = -3*o + 332 + 822, -5*o - 4*t + 1870 = 0. Let p = -298 + o. Calculate the greatest common divisor of p and 16.
16
Let b be (-112)/(-12) + 5 - (-1)/(-3)*-2. Suppose -3*c + 5*l = -1920, 7*c - 3*c = l + 2577. Calculate the greatest common divisor of b and c.
15
Suppose -2*v = -5*m - 75 - 70, 4*m - 248 = -4*v. Let z be (-10)/15 + 188/(-6). Let n = v + z. Calculate the highest common factor of n and 11.
11
Suppose 288 = 72*i - 64*i. Suppose 1050 = -11*j + i*j. Calculate the greatest common divisor of 294 and j.
42
Let q(v) = 0 - 21 - 2*v**2 - v**3 - 48*v + 54*v. Let z be q(-7). What is the highest common factor of 42 and z?
14
Suppose 3*q - 111 = d, -2*q + 12*d = 10*d - 70. Suppose -q = -5*l - 3*i, -10*l + 13*l - 17 = 4*i. Calculate the greatest common factor of l and 56.
7
Suppose 4*i + 112 - 652 = 0. What is the greatest common divisor of i and 513?
27
Let i = 9831 - 9369. What is the highest common divisor of i and 1914?
66
Let c(m) = 69*m + 3047. Let y be c(10). What is the greatest common divisor of 202 and y?
101
Let o be (468/(-30))/(72/(-10320)). What is the highest common divisor of o and 1092?
52
Let f be (-2 + 27/6)*2 - -4. Suppose f*k = 83 - 56. Calculate the greatest common factor of k and 96.
3
Let a(q) = 7*q - 67. Let c(r) = -33*r - 19. Let o be c(-1). Let j be a(o). Calculate the highest common factor of 775 and j.
31
Let m = 345 + -370. Let s be m/(-4) + -15*(-1)/20. What is the greatest common factor of s and 175?
7
Let x(y) = -2*y**2 + 41*y - 21. Let q be x(18). What is the greatest common factor of q and 1265